{"id":24,"date":"2011-11-08T23:13:16","date_gmt":"2011-11-08T23:13:16","guid":{"rendered":"http:\/\/www.ems.com.gt\/ing\/?page_id=24"},"modified":"2017-05-25T21:10:12","modified_gmt":"2017-05-25T21:10:12","slug":"physic-and-destructive-tests","status":"publish","type":"page","link":"https:\/\/www.ems.com.gt\/ing\/products-and-services\/physic-and-destructive-tests\/","title":{"rendered":"Ensayos f\u00edsicos o destructivos"},"content":{"rendered":"<div id=\"fb-root\"><img loading=\"lazy\" decoding=\"async\" class=\"aligncenter size-full wp-image-316\" src=\"http:\/\/www.ems.com.gt\/ing\/wp-content\/uploads\/ensayotension.png\" alt=\"\" width=\"465\" height=\"305\" \/><\/div>\n<p><span class=\"\" lang=\"es\"><span class=\"\" lang=\"es\">. :\u00a0 <\/span><\/span><\/p>\n<div class=\"fb-like\" data-href=\"http:\/\/www.ems.com.gt\/ing\/products-and-services\/physic-and-destructive-tests\/\" data-send=\"true\" data-width=\"450\" data-show-faces=\"true\" data-font=\"lucida grande\"><span class=\"\" lang=\"es\"><span class=\"\" lang=\"es\">Pruebas de penetraci\u00f3n de soldaduras\u201dmacro ataque qu\u00edmico\u201d\u00a0<\/span><\/span><\/div>\n<div class=\"fb-like\" data-href=\"http:\/\/www.ems.com.gt\/ing\/products-and-services\/physic-and-destructive-tests\/\" data-send=\"true\" data-width=\"450\" data-show-faces=\"true\" data-font=\"lucida grande\"><span class=\"\" lang=\"es\"><span class=\"\" lang=\"es\"> En probetas de soldadura, en juntas a tope y de filete.\u00a0<\/span><\/span><\/div>\n<div class=\"fb-like\" data-href=\"http:\/\/www.ems.com.gt\/ing\/products-and-services\/physic-and-destructive-tests\/\" data-send=\"true\" data-width=\"450\" data-show-faces=\"true\" data-font=\"lucida grande\"><span class=\"\" lang=\"es\"><span class=\"\" lang=\"es\"> Pruebas de tensi\u00f3n (tensile strengh test)\u00a0<\/span><\/span><\/div>\n<div class=\"fb-like\" data-href=\"http:\/\/www.ems.com.gt\/ing\/products-and-services\/physic-and-destructive-tests\/\" data-send=\"true\" data-width=\"450\" data-show-faces=\"true\" data-font=\"lucida grande\"><span class=\"\" lang=\"es\"><span class=\"\" lang=\"es\"> Pruebas de dobl\u00e9z guiado (guided bend test)\u00a0<\/span><\/span><\/div>\n<div class=\"fb-like\" data-href=\"http:\/\/www.ems.com.gt\/ing\/products-and-services\/physic-and-destructive-tests\/\" data-send=\"true\" data-width=\"450\" data-show-faces=\"true\" data-font=\"lucida grande\"><span class=\"\" lang=\"es\"><span class=\"\" lang=\"es\"> Ruptura de cuello (nick breack test)\u00a0<\/span><\/span><\/div>\n<div class=\"fb-like\" data-href=\"http:\/\/www.ems.com.gt\/ing\/products-and-services\/physic-and-destructive-tests\/\" data-send=\"true\" data-width=\"450\" data-show-faces=\"true\" data-font=\"lucida grande\"><span class=\"\" lang=\"es\"><span class=\"\" lang=\"es\"> Todo esto en nuestras instalaciones \u00f3 en campo, a exceci\u00f3n de pruebas de tensi\u00f3n.\u00a0 <\/span><\/span><\/div>\n<div class=\"fb-like\" data-href=\"http:\/\/www.ems.com.gt\/ing\/products-and-services\/physic-and-destructive-tests\/\" data-send=\"true\" data-width=\"450\" data-show-faces=\"true\" data-font=\"lucida grande\"><\/div>\n<div class=\"fb-like\" data-href=\"http:\/\/www.ems.com.gt\/ing\/products-and-services\/physic-and-destructive-tests\/\" data-send=\"true\" data-width=\"450\" data-show-faces=\"true\" data-font=\"lucida grande\"><img loading=\"lazy\" decoding=\"async\" class=\"aligncenter size-full wp-image-349\" src=\"http:\/\/www.ems.com.gt\/ing\/wp-content\/uploads\/tensiontest.png\" alt=\"\" width=\"379\" height=\"254\" \/><\/div>","protected":false},"excerpt":{"rendered":"<p>. :\u00a0 Pruebas de penetraci\u00f3n de soldaduras\u201dmacro ataque qu\u00edmico\u201d\u00a0 En probetas de soldadura, en juntas a tope y de filete.\u00a0 Pruebas de tensi\u00f3n (tensile strengh test)\u00a0 Pruebas de dobl\u00e9z guiado (guided bend test)\u00a0 Ruptura de cuello (nick breack test)\u00a0 Todo esto en nuestras instalaciones \u00f3 en campo, a exceci\u00f3n de pruebas de tensi\u00f3n.\u00a0<\/p>\n","protected":false},"author":1,"featured_media":0,"parent":16,"menu_order":4,"comment_status":"open","ping_status":"open","template":"","meta":{"footnotes":""},"_links":{"self":[{"href":"https:\/\/www.ems.com.gt\/ing\/wp-json\/wp\/v2\/pages\/24"}],"collection":[{"href":"https:\/\/www.ems.com.gt\/ing\/wp-json\/wp\/v2\/pages"}],"about":[{"href":"https:\/\/www.ems.com.gt\/ing\/wp-json\/wp\/v2\/types\/page"}],"author":[{"embeddable":true,"href":"https:\/\/www.ems.com.gt\/ing\/wp-json\/wp\/v2\/users\/1"}],"replies":[{"embeddable":true,"href":"https:\/\/www.ems.com.gt\/ing\/wp-json\/wp\/v2\/comments?post=24"}],"version-history":[{"count":11,"href":"https:\/\/www.ems.com.gt\/ing\/wp-json\/wp\/v2\/pages\/24\/revisions"}],"predecessor-version":[{"id":350,"href":"https:\/\/www.ems.com.gt\/ing\/wp-json\/wp\/v2\/pages\/24\/revisions\/350"}],"up":[{"embeddable":true,"href":"https:\/\/www.ems.com.gt\/ing\/wp-json\/wp\/v2\/pages\/16"}],"wp:attachment":[{"href":"https:\/\/www.ems.com.gt\/ing\/wp-json\/wp\/v2\/media?parent=24"}],"curies":[{"name":"wp","href":"https:\/\/api.w.org\/{rel}","templated":true}]}}