{"id":219,"date":"2017-05-17T23:14:42","date_gmt":"2017-05-17T23:14:42","guid":{"rendered":"http:\/\/www.ems.com.gt\/ing\/?page_id=219"},"modified":"2020-07-19T02:59:35","modified_gmt":"2020-07-19T02:59:35","slug":"la-empresa","status":"publish","type":"page","link":"https:\/\/www.ems.com.gt\/ing\/la-empresa\/","title":{"rendered":"QUIENES SOMOS"},"content":{"rendered":"<p style=\"text-align: justify;\">\n<h3 style=\"text-align: justify;\">MISI\u00d3N<\/h3>\n<p style=\"text-align: justify;\"><span lang=\"ES-TRAD\">Ser la empresa de preferencia por la confianza en servicios e implementaci\u00f3n de sistemas de control de calidad en soldadura en Centro Am\u00e9rica.\u00a0<\/span><\/p>\n<h3 style=\"text-align: justify;\">VISI\u00d3N<\/h3>\n<p style=\"text-align: justify;\"><span lang=\"ES-TRAD\">Ser para nuestros clientes una herramienta confiable, segura y eficaz con servicios certificados y calificados basados en tres valores que producen resultados confiables, oportunos e \u00edntegros.\u00a0<\/span><\/p>\n<h3 style=\"text-align: justify;\">VALORES<\/h3>\n<p style=\"text-align: justify;\">Nos caracteriza el liderazgo positivo, la responsabilidad en nuestros compromisos, la precisi\u00f3n de nuestros diagn\u00f3sticos, la integridad en los resultados, la\u00a0rectitud en nuestros actos, la\u00a0 calidad\u00a0 en nuestros trabajos, la \u00e9tica y la discreci\u00f3n en la relaci\u00f3n con nuestros clientes y competidores.<\/p>\n<h3 style=\"text-align: justify;\">OBJETIVOS<\/h3>\n<ul>\n<li>Apoyar a nuestros clientes en el desarrollo de sus empresas y proyectos, provey\u00e9ndoles\u00a0productos y servicios de la m\u00e1s alta calidad al precio m\u00e1s razonable.<\/li>\n<li><span style=\"font-size: inherit;\">Proveer a nuestros clientes resultados confiables, \u00edntegros y oportunos, que son herramientas indispensables para la toma de decisiones efectivas y en norma para sus proyectos.<\/span><\/li>\n<li>Proveer servicios de aseguramiento de calidad, ensayos no destructivos, inspecci\u00f3n de soldadura, alivio de esfuerzos residuales (PWHT).<\/li>\n<li>Desarrollar programas de inspecci\u00f3n del due\u00f1o e interventor\u00eda de calidad de proyectos.<\/li>\n<\/ul>\n<h3>FILOSOF\u00cdA COI\u00a9<\/h3>\n<p style=\"text-align: justify;\">Desarrollada por nuestro CEO.<\/p>\n<ul>\n<li style=\"text-align: justify;\">Confiables: nuestro personal est\u00e1 entrenado, calificado y certificado de acuerdo a Pr\u00e1ctica Escrita seg\u00fan ASNT TC 1A, edici\u00f3n vigente, por inspector en ASNT nivel 3 en los m\u00e9todos.<\/li>\n<li style=\"text-align: justify;\">Oportunos: consientes de la necesidad de la toma de decisiones por parte de nuestros clientes, entregamos resultados actuales y en tiempo.<\/li>\n<li style=\"text-align: justify;\">\u00cdntegros: se presentan todos los resultados en base a la norma de referencia, con objetividad sin sesgo alguno.<\/li>\n<\/ul>\n<p style=\"text-align: justify;\">\n\n\n<p><\/p>","protected":false},"excerpt":{"rendered":"<p>MISI\u00d3N Ser la empresa de preferencia por la confianza en servicios e implementaci\u00f3n de sistemas de control de calidad en soldadura en Centro Am\u00e9rica.\u00a0 VISI\u00d3N Ser para nuestros clientes una herramienta confiable, segura y eficaz con servicios certificados y calificados basados en tres valores que producen resultados confiables, oportunos e \u00edntegros.\u00a0 VALORES Nos caracteriza el &hellip; <\/p>\n","protected":false},"author":1,"featured_media":0,"parent":0,"menu_order":0,"comment_status":"closed","ping_status":"closed","template":"","meta":{"footnotes":""},"_links":{"self":[{"href":"https:\/\/www.ems.com.gt\/ing\/wp-json\/wp\/v2\/pages\/219"}],"collection":[{"href":"https:\/\/www.ems.com.gt\/ing\/wp-json\/wp\/v2\/pages"}],"about":[{"href":"https:\/\/www.ems.com.gt\/ing\/wp-json\/wp\/v2\/types\/page"}],"author":[{"embeddable":true,"href":"https:\/\/www.ems.com.gt\/ing\/wp-json\/wp\/v2\/users\/1"}],"replies":[{"embeddable":true,"href":"https:\/\/www.ems.com.gt\/ing\/wp-json\/wp\/v2\/comments?post=219"}],"version-history":[{"count":18,"href":"https:\/\/www.ems.com.gt\/ing\/wp-json\/wp\/v2\/pages\/219\/revisions"}],"predecessor-version":[{"id":564,"href":"https:\/\/www.ems.com.gt\/ing\/wp-json\/wp\/v2\/pages\/219\/revisions\/564"}],"wp:attachment":[{"href":"https:\/\/www.ems.com.gt\/ing\/wp-json\/wp\/v2\/media?parent=219"}],"curies":[{"name":"wp","href":"https:\/\/api.w.org\/{rel}","templated":true}]}}