{"id":18,"date":"2011-11-08T23:08:24","date_gmt":"2011-11-08T23:08:24","guid":{"rendered":"http:\/\/www.ems.com.gt\/ing\/?page_id=18"},"modified":"2017-05-25T21:59:43","modified_gmt":"2017-05-25T21:59:43","slug":"non-destructive-testing","status":"publish","type":"page","link":"https:\/\/www.ems.com.gt\/ing\/products-and-services\/non-destructive-testing\/","title":{"rendered":"Ensayos no Destructivos"},"content":{"rendered":"<div id=\"fb-root\"><img loading=\"lazy\" decoding=\"async\" class=\"aligncenter size-full wp-image-359\" src=\"http:\/\/www.ems.com.gt\/ing\/wp-content\/uploads\/ULTRASONIDORENE.png\" alt=\"\" width=\"395\" height=\"555\" \/><\/div>\n<div class=\"fb-like\" data-href=\"http:\/\/www.ems.com.gt\/ing\/products-and-services\/non-destructive-testing\/\" data-send=\"true\" data-width=\"450\" data-show-faces=\"true\" data-font=\"lucida grande\"><\/div>\n<div id=\"gt-res-content\">\n<h4 class=\"trans-verified-button-small\" dir=\"ltr\">1. Radiograf\u00eda Industrial (RT)<\/h4>\n<div class=\"trans-verified-button-small\" dir=\"ltr\"><\/div>\n<div class=\"trans-verified-button-small\" dir=\"ltr\">\u00a0 Determinaci\u00f3n de discontinuidades en soldaduras de tuber\u00eda, tanques, estructuras, recipientes a presi\u00f3n, etc.<\/div>\n<div class=\"trans-verified-button-small\" dir=\"ltr\">Determinaci\u00f3n de discontinuidades en materiales forjados, piezas fundidas y materias primas.<br \/>\nAplicable en materiales ferrosos y no ferrosos y cer\u00e1micos.<\/div>\n<\/div>\n<div class=\"trans-verified-button-small\" dir=\"ltr\"><\/div>\n<div class=\"trans-verified-button-small\" dir=\"ltr\"><\/div>\n<div id=\"gt-res-content\">\n<div class=\"trans-verified-button-small\" dir=\"ltr\"><\/div>\n<h4 class=\"trans-verified-button-small\" dir=\"ltr\">2. Ultrasonido (UT) convencional y Arreglo de Fases:<\/h4>\n<div class=\"trans-verified-button-small\" dir=\"ltr\"><\/div>\n<div class=\"trans-verified-button-small\" dir=\"ltr\">\u00a0 Determinaci\u00f3n de discontinuidades en soldaduras de tuber\u00eda, tanques, estructuras, recipientes a presi\u00f3n, etc.<\/div>\n<div class=\"trans-verified-button-small\" dir=\"ltr\">Determinaci\u00f3n de discontinuidades en materiales forjados, piezas fundidas y materias primas.<br \/>\nAplicable en materiales ferrosos y no ferrosos y cer\u00e1micos.<\/div>\n<\/div>\n<div class=\"trans-verified-button-small\" dir=\"ltr\"><\/div>\n<div id=\"gt-res-content\">\n<div class=\"trans-verified-button-small\" dir=\"ltr\"><\/div>\n<h4 class=\"trans-verified-button-small\" dir=\"ltr\">3. Determinaci\u00f3n de Espesores por Ultrasonido (UTT)<\/h4>\n<div class=\"trans-verified-button-small\" dir=\"ltr\"><\/div>\n<div class=\"trans-verified-button-small\" dir=\"ltr\">\u00a0 Monitoreo de corrosi\u00f3n y erosi\u00f3n en tuber\u00edas y equipos.<br \/>\nPerdida de pared en intercambiadores de calor, tubos de calderas, estructuras como puentes, etc.<\/div>\n<div class=\"trans-verified-button-small\" dir=\"ltr\"><\/div>\n<div class=\"trans-verified-button-small\" dir=\"ltr\"><\/div>\n<h4 class=\"trans-verified-button-small\" dir=\"ltr\">4. Part\u00edculas Magn\u00e9ticas (MT)<\/h4>\n<div class=\"trans-verified-button-small\" dir=\"ltr\"><\/div>\n<div class=\"trans-verified-button-small\" dir=\"ltr\">Aplicando t\u00e9cnica seca o h\u00fameda, visible con luz natural o fluorescente.<br \/>\nDeterminaci\u00f3n de defectos de fabricaci\u00f3n superficiales y subsuperficiales en piezas ferromagn\u00e9ticas.<br \/>\nDeterminaci\u00f3n de grietas por servicio en Engranajes, Pi\u00f1ones, Trunnion, Ejes, etc., en componentes de molinos de Bolas, Sag en la industria extractiva.<\/div>\n<div class=\"trans-verified-button-small\" dir=\"ltr\">Determinaci\u00f3n de grietas en estructuras soldadas, post eventos sismicos o sobreesfuerzos.<\/div>\n<\/div>\n<div class=\"trans-verified-button-small\" dir=\"ltr\"><\/div>\n<div id=\"gt-res-content\">\n<div class=\"trans-verified-button-small\" dir=\"ltr\"><\/div>\n<h4 class=\"trans-verified-button-small\" dir=\"ltr\">5. L\u00edquidos Penetrantes (PT)<\/h4>\n<div class=\"trans-verified-button-small\" dir=\"ltr\">Penetrantes Fluorescentes visibles con Luz Negra, t\u00e9cnicas tipo \u201cI\u201d: o M\u00e9todos \u201cA y C\u201d, Lavables Con Agua. o M\u00e9todos \u201cB, C y D\u201d, Postemulsificables, Hidrof\u00edlicos o Lipof\u00edlicos.<\/div>\n<div class=\"trans-verified-button-small\" dir=\"ltr\"><\/div>\n<div class=\"trans-verified-button-small\" dir=\"ltr\">\u00a0Penetrantes Rojos visibles con Luz Natural, t\u00e9cnicas tipo \u201cII\u201d: o M\u00e9todos \u201cA y C\u201d, Lavables Con Agua. o M\u00e9todo \u201cC\u201d, Postemulsificables a base de solvente.\u00a0\u00a0 Campo de aplicaci\u00f3n: Determinaci\u00f3n de defectos abiertos a la superficie en piezas ferromagn\u00e9ticas y\u00a0 no ferromagn\u00e9ticas.<\/div>\n<div class=\"trans-verified-button-small\" dir=\"ltr\">Determinaci\u00f3n de grietas en partes de veh\u00edculos, cig\u00fce\u00f1ales, ejes, culatas, etc.<\/div>\n<div class=\"trans-verified-button-small\" dir=\"ltr\">Determinaci\u00f3n de discontinuidades superficiales en soldaduras.<\/div>\n<\/div>","protected":false},"excerpt":{"rendered":"<p>1. Radiograf\u00eda Industrial (RT) \u00a0 Determinaci\u00f3n de discontinuidades en soldaduras de tuber\u00eda, tanques, estructuras, recipientes a presi\u00f3n, etc. Determinaci\u00f3n de discontinuidades en materiales forjados, piezas fundidas y materias primas. Aplicable en materiales ferrosos y no ferrosos y cer\u00e1micos. 2. Ultrasonido (UT) convencional y Arreglo de Fases: \u00a0 Determinaci\u00f3n de discontinuidades en soldaduras de tuber\u00eda, tanques, &hellip; <\/p>\n","protected":false},"author":1,"featured_media":0,"parent":16,"menu_order":1,"comment_status":"open","ping_status":"open","template":"","meta":{"footnotes":""},"_links":{"self":[{"href":"https:\/\/www.ems.com.gt\/ing\/wp-json\/wp\/v2\/pages\/18"}],"collection":[{"href":"https:\/\/www.ems.com.gt\/ing\/wp-json\/wp\/v2\/pages"}],"about":[{"href":"https:\/\/www.ems.com.gt\/ing\/wp-json\/wp\/v2\/types\/page"}],"author":[{"embeddable":true,"href":"https:\/\/www.ems.com.gt\/ing\/wp-json\/wp\/v2\/users\/1"}],"replies":[{"embeddable":true,"href":"https:\/\/www.ems.com.gt\/ing\/wp-json\/wp\/v2\/comments?post=18"}],"version-history":[{"count":13,"href":"https:\/\/www.ems.com.gt\/ing\/wp-json\/wp\/v2\/pages\/18\/revisions"}],"predecessor-version":[{"id":360,"href":"https:\/\/www.ems.com.gt\/ing\/wp-json\/wp\/v2\/pages\/18\/revisions\/360"}],"up":[{"embeddable":true,"href":"https:\/\/www.ems.com.gt\/ing\/wp-json\/wp\/v2\/pages\/16"}],"wp:attachment":[{"href":"https:\/\/www.ems.com.gt\/ing\/wp-json\/wp\/v2\/media?parent=18"}],"curies":[{"name":"wp","href":"https:\/\/api.w.org\/{rel}","templated":true}]}}