{"id":154,"date":"2016-11-02T20:17:12","date_gmt":"2016-11-02T20:17:12","guid":{"rendered":"http:\/\/www.ems.com.gt\/ing\/?page_id=154"},"modified":"2020-06-18T03:13:10","modified_gmt":"2020-06-18T03:13:10","slug":"welcome-to-ems-proyectos-e-inspecciones","status":"publish","type":"page","link":"https:\/\/www.ems.com.gt\/ing\/","title":{"rendered":"Bienvenidos"},"content":{"rendered":"<p style=\"text-align: justify;\">Empresa con personal calificado y certificado por CSNDT desde el a\u00f1o 1985, y por AWS, como el primer CWI de Centro Am\u00e9rica, desde el a\u00f1o 1996, con m\u00e1s de 30 a\u00f1os de experiencia que garantiza la calidad de sus proyectos verificando desde planos y dise\u00f1os, pasando por verificaci\u00f3n de materiales y ejecuci\u00f3n, llegando hasta el comisionamiento de sus proyectos.<\/p>\n<p style=\"text-align: justify;\">\n<p style=\"text-align: justify;\">Perm\u00edtanos ser sus manos y sus ojos, cuidando la calidad de sus proyectos, y por lo tanto, su inversi\u00f3n.<\/p>","protected":false},"excerpt":{"rendered":"<p>Empresa con personal calificado y certificado por CSNDT desde el a\u00f1o 1985, y por AWS, como el primer CWI de Centro Am\u00e9rica, desde el a\u00f1o 1996, con m\u00e1s de 30 a\u00f1os de experiencia que garantiza la calidad de sus proyectos verificando desde planos y dise\u00f1os, pasando por verificaci\u00f3n de materiales y ejecuci\u00f3n, llegando hasta el &hellip; <\/p>\n","protected":false},"author":1,"featured_media":0,"parent":0,"menu_order":0,"comment_status":"closed","ping_status":"closed","template":"","meta":{"footnotes":""},"_links":{"self":[{"href":"https:\/\/www.ems.com.gt\/ing\/wp-json\/wp\/v2\/pages\/154"}],"collection":[{"href":"https:\/\/www.ems.com.gt\/ing\/wp-json\/wp\/v2\/pages"}],"about":[{"href":"https:\/\/www.ems.com.gt\/ing\/wp-json\/wp\/v2\/types\/page"}],"author":[{"embeddable":true,"href":"https:\/\/www.ems.com.gt\/ing\/wp-json\/wp\/v2\/users\/1"}],"replies":[{"embeddable":true,"href":"https:\/\/www.ems.com.gt\/ing\/wp-json\/wp\/v2\/comments?post=154"}],"version-history":[{"count":12,"href":"https:\/\/www.ems.com.gt\/ing\/wp-json\/wp\/v2\/pages\/154\/revisions"}],"predecessor-version":[{"id":493,"href":"https:\/\/www.ems.com.gt\/ing\/wp-json\/wp\/v2\/pages\/154\/revisions\/493"}],"wp:attachment":[{"href":"https:\/\/www.ems.com.gt\/ing\/wp-json\/wp\/v2\/media?parent=154"}],"curies":[{"name":"wp","href":"https:\/\/api.w.org\/{rel}","templated":true}]}}